et c be g(-2). Let i be 3*1/c*6. Suppose 8 - i = b. What is u(b)?
2
Let h be 24/9 - ((-56)/(-12) + -4). Let c(m) = -m + 1. Let d be c(h). Let o(s) = -13*s - 1. Determine o(d).
12
Let c(j) be the third derivative of j**4/12 + j**3/6 - 244*j**2 - 2. Calculate c(-2).
-3
Suppose -2*n = 4*b - 5*n + 3, -1 = 2*b - n. Suppose b = 7*v - 9*v + 10. Let x(q) = q - 3. Calculate x(v).
2
Suppose 0 = -3*d + 2*p - 31, 3*d + 8 = -4*p - 11. Let f(l) = -l**2 - 9*l + 2. What is f(d)?
2
Let w be (7/((-112)/(-8)))/(2/(-4)). Let p be w - (-2 + (-3 - -1)). Let m(x) = -x**3 + 3*x**2 + 4*x + 1. What is m(p)?
13
Suppose 2*f = 4, 0*h - f - 6 = 2*h. Let i(t) = 4*t - 17 - 21 + 43. Determine i(h).
-11
Let m(r) = -r**3 + 6*r**2 - 3*r - 7. Suppose 0*s - 3*g - 5 = s, 47 = 5*s - 3*g. Let i be 8/2 + -6 + s. Determine m(i).
3
Let n(m) = -m**3 - 2*m**2 - 2*m - 2. Let l = 8 + -3. Suppose -6*j = -l + 17. Calculate n(j).
2
Suppose a + 5*p = -25, 3*p + 4 = -8. Let c = 448 - 245. Let w(x) = -3 + c*x - 204*x + 4. Give w(a).
6
Let u(m) be the third derivative of m**6/120 + 3*m**5/20 + 5*m**3/6 - 5*m**2 + 3*m. What is u(-9)?
5
Let c be (3/(-1))/(3/(-24)*-6). Let i(h) = h**3 + 4*h**2 - 2*h + 2. Determine i(c).
10
Let j(v) = -v**3 + 7*v**2 - 6*v + 1. Let x(t) = -4*t - 6. Let d be x(-3). Let g be j(d). Let l(b) = g + 10 + b - 10. Determine l(-4).
-3
Let k(s) be the second derivative of s**5/4 - s**2/2 + 68*s. Give k(1).
4
Let i = -1304 - -1313. Let a(z) = -z**3 + 8*z**2 + 8*z. Calculate a(i).
-9
Let u(l) = 35*l**2 + 20 - 15*l**2 - 10*l**2 - 40*l + 49*l - 11*l**2. What is u(10)?
10
Let r(h) = -h - 1. Let n(v) = -v**3 + 5*v**2 - 5*v. Let o(k) = -n(k) + 6*r(k). Suppose -x - 4 + 6 = 0. Suppose q + 4*t = t + 20, 2*q = x*t. Determine o(q).
-11
Let g(w) = w**3 + 2*w**2 + 12*w + 2. Let i be g(-5). Let y = i - -126. Let v(c) = c**3 + 7*c**2 - 1. Determine v(y).
-1
Let i(n) = 86*n**3 - 8*n**2 - 14*n + 8. Let s(f) = 28*f**3 - 3*f**2 - 5*f + 3. Let h(g) = -4*i(g) + 11*s(g). Calculate h(-1).
35
Let k(w) = -w**3 + 6*w**2 + 8*w - 8. Suppose -5*o + 28 = -o. What is k(o)?
-1
Let q(g) = 11*g**3 + 6*g**2 - 7*g. Let c(n) = -8*n**3 - 5*n**2 + 5*n. Let w(u) = 4*c(u) + 3*q(u). Give w(-1).
-2
Let y(n) = -n**2 - 8*n - 3. Let o(z) = -2*z + 3. Let k be o(-5). Let b = k + -19. What is y(b)?
9
Let a be 1*-1*4/4. Let w(p) be the third derivative of 17*p**6/720 - p**5/120 - 7*p**4/24 - 6*p**2. Let r(h) be the second derivative of w(h). Determine r(a).
-18
Let j(q) = q**3 - 2*q - 1. Let r = 10 + -2. Let l(y) = -y**3 + 10*y**2 - 7*y. Let p be l(r). Let d be 4/(-14) - p/42. Calculate j(d).
-5
Let h(o) = -13*o**2 + 20*o**2 - 3 - 6*o**2 - o. Calculate h(7).
39
Let l(c) = -c + 3783*c**3 - 4*c**2 - 2*c**2 + 0*c**2 - 3782*c**3. What is l(6)?
-6
Let c = 14 - 11. Let g be (-252)/(-70) + c/(-5). Let b be 2 + (g - 8) + 2. Let a(p) = 11*p. Determine a(b).
-11
Let y(k) = -3*k + 8*k - 2*k. Suppose 5*x + 5*d = -11 + 1, 28 = x - 5*d. Suppose -2*p = 3*p + 5*l - 10, x*p = 3*l. Give y(p).
3
Suppose 536 - 532 = -2*w. Let o(b) = -3 - 4*b + 2*b**2 - 2*b**2 - b**3 - 3*b**2. Give o(w).
1
Let d(v) = -6*v - 8. Suppose -2*s - s = -3*h, -5*h = -4*s + 2. Calculate d(s).
4
Let n be 10/(-14) - (10/(-7))/(-5). Let r(w) = 4*w + 8. Let j(z) = -z. Let l(f) = n*r(f) - 5*j(f). Determine l(6).
-2
Let m(g) be the second derivative of -25*g**4/12 + g**2/2 + 222*g. Calculate m(1).
-24
Let i be 14 - 5 - (2 - -4). Let v(y) = y**2 - 3*y - 4. What is v(i)?
-4
Let k(d) = -2*d + 6. Let w = 201 - 207. Determine k(w).
18
Let s(n) = -4*n**3 - 1. Suppose 0 = 4*u + 16, -u = -g + u + 12. Suppose -z + 4 = -1, -q + 2*z = -g. Suppose 3*r = l + q - 0, -3*r = -5*l - 10. Calculate s(l).
-5
Let s = 223 + -56. Let r(p) = s*p**3 - 4*p + 0 + 165*p**3 + 3 - 333*p**3 + 5*p**2. Calculate r(4).
3
Suppose -15 + 6 = -3*d. Let f(s) = -6 + 0 - d*s + 1. Suppose -23*j - 3*p - 8 = -22*j, 4*j + 22 = -2*p. Determine f(j).
10
Let n = 2 + 0. Let g(c) be the first derivative of 2*c**3/3 - 3*c**2/2 + c + 1876. Calculate g(n).
3
Let f(x) = x**2 + 7*x - 1. Let h(i) = 14*i + 2. Let w be h(6). Let l = 79 - w. What is f(l)?
-1
Let c(u) be the second derivative of -u**4/12 - 5*u**3/3 + 5*u**2/2 - 162*u. Give c(-5).
30
Let j = -2271 + 2268. Let b(t) = -3*t**3 + 11*t**2 + 11*t + 6. Let f(q) = 2*q**3 - 6*q**2 - 6*q - 3. Let n(v) = 3*b(v) + 5*f(v). Give n(j).
-6
Let s(o) be the third derivative of o**5/60 + o**4/8 - 7*o**3/3 + 52*o**2. Give s(-5).
-4
Let o(i) = -i**3 - 8*i**2 + i + 5. Let x be o(-8). Let q(d) be the second derivative of d**3/3 - d**2 - 6*d - 5. Calculate q(x).
-8
Suppose 4 = 5*d - 6*d + c, -2*d - 3*c = 33. Let x(q) = q + 20. Calculate x(d).
11
Let d(i) = -16*i**2 - 8 + 1 - 4*i + 3 + 17*i**2. Let k be 28/6 + (-4)/6. Calculate d(k).
-4
Let v(z) = 2*z**2 + z + 1. Let l(o) = 5*o**2 + o + 2. Let d(k) = 3*l(k) - 7*v(k). Suppose w + w - 10 = 0. Calculate d(w).
4
Let o(y) = 1 + 5 - 1 - 7 + 6*y - y**2 - 4*y. Let m = 15 - 11. Determine o(m).
-10
Let v(l) = -4*l + 2. Let c be (5/15)/((-5)/15). Give v(c).
6
Let p(r) = 7*r**2 - 12*r + 1. Let v(f) = -6*f**2 + 11*f - 1. Suppose 5*q + 0*q = 4*a, -2*q + 28 = 4*a. Let t(b) = a*p(b) + 6*v(b). Calculate t(5).
4
Let u(s) = -5*s**3 - 8*s**2 + 10*s - 6. Let l(a) = -8*a**3 - 17*a**2 + 20*a - 10. Let y(r) = -3*l(r) + 5*u(r). Determine y(10).
0
Let g(p) = -p - 1. Let z = 890 - 902. What is g(z)?
11
Let d(j) = -j**3 + 9*j**2 - 5*j - 28. Suppose 6261 = -k + 6269. Give d(k).
-4
Let s(c) = c**3 - c**2 - 14. Suppose 3*g + 21 = 3*v, -2*v + 7 = v + 4*g. Suppose 4*q + l + 0*l = v, 2*q - 5*l + 25 = 0. Give s(q).
-14
Let u(w) = 7*w**2 + 4*w + 3. Let b(r) = 2*r**2 + 16*r + 13. Let q be b(-7). Calculate u(q).
6
Let p(s) = -8*s**3 + 14*s**3 - 3*s**3 + 0*s**3. Determine p(1).
3
Suppose -10*y - 3 = -33. Let t(j) be the second derivative of 0 - 4/3*j**3 + y*j + 1/2*j**2. Determine t(1).
-7
Let r(u) = 6*u**2 - u - 6. Let v(f) = -18*f**2 + 3*f + 17. Let h(w) = -17*r(w) - 6*v(w). Calculate h(-1).
7
Let b(r) = 2*r**3 + 2*r**2 - 3*r - 2. Let w = -385 - -383. Calculate b(w).
-4
Let g(j) = -j**3 + 3*j**2 - 2*j - 3. Let q(t) = 5*t - 12. Let a be q(4). Suppose 7*o = 9*o - a. Suppose -5 = -2*x - z, o*z + 2 = -x + 1. Determine g(x).
-9
Let z(j) = 9*j - 3. Let m(l) = -2 + 1 + 5 + 3 - 19*l. Let v(x) = -6*m(x) - 13*z(x). What is v(-2)?
3
Let w = -1550 - -1563. Let p(n) = 4*n - 45. Give p(w).
7
Let k(v) be the third derivative of v**4/12 - 7*v**3/6 + 3*v**2 - 2. Determine k(9).
11
Let y(t) = 4 - 7 + 0 + 3*t**2 + 4 + 3*t. Suppose 3*p + 30 = 5*a, 16 = 2*a + p - 3*p. Suppose -a*k = -0 + 6. Give y(k).
7
Let k(y) = -y**3 + y**2 + 3*y - 1. Let q be k(3). Let x = q - -19. Let n be ((-6)/x)/((-6)/9). Let p(f) = -9*f**3 + 2*f**2 - 2*f + 1. What is p(n)?
-8
Let k(s) be the third derivative of -s**4/24 - s**3/3 - 29*s**2. Let t(r) = -6*r - 1 + 0*r + r. Let q be t(1). Calculate k(q).
4
Let k(y) = -3*y**2 - 2*y**3 + y**3 - 2*y + 3*y + 39 - 39. Give k(-3).
-3
Let x(v) = 9*v - 19. Let y(q) = -4*q + 9. Let g(d) = 4*d + 3. Let h(i) = i - 15. Let m be h(13). Let a be g(m). Let w(k) = a*y(k) - 2*x(k). What is w(6)?
5
Suppose -4*m = -6*m - 3*r - 18, 5*m + 5*r + 40 = 0. Let v(x) = -764*x**2 + 771*x**2 + 8 + 3*x + x**3 + 6*x. Determine v(m).
-10
Suppose 0 = -18*h + 15*h + 1731. Let n(f) = f - h*f**2 + 577*f**2 - 6*f**3. What is n(-1)?
5
Let x = 5 - 9. Let y(h) = 282*h**3 + 5*h**2 - 138*h**3 + 6*h + 1 + 2 - 143*h**3. Calculate y(x).
-5
Let p(v) = 8*v + 7. Let u(n) = -n**3 + 6*n**2 - 10*n + 1. Let m be u(3). Calculate p(m).
-9
Let n(z) = z**3 + 5*z**2 - 9*z - 4. Suppose -5*b - 8*b = 91. Calculate n(b).
-39
Let m be 8*(1 - -1)/4. Suppose m*f = -2*h + 12, -5*h + 18 = 7*f - 3*f. Let b(s) = 5*s - 1 - 4*s - h*s. Give b(-1).
0
Let b(n) = -9 + 4*n - 3*n - 2*n. Let m(o) = -o**3 + 11*o**2 + 14*o - 1. Let h be m(12). Let l = h + -23. Determine b(l).
-9
Let z(n) = 821 - 3*n - 1659 + 828. What is z(-8)?
14
Suppose 67*r = 76*r + 81. Let w(v) = v**3 + 8*v**2 - 8*v. Determine w(r).
-9
Suppose 0 = -11*o - 11 + 22. Let m(q) = -6*q**2 + 0*q**2 - 2*q**2. Determine m(o).
-8
Let h(f) be the third derivative of -2*f**2 + 0 + 1/2*f**3 + 0*f - 1/24*f**4. Suppose 5 = -19*o + 18*o. Calculate h(o).
8
Let z be (24/(-9) + 1)*-3. Suppose -z*w + 4*w = -2. Let p(o) = w + o**3 + 2*o + 10*o - 5*o + 6*o**2. Determine p(-5).
-8
Let z(m) be the second deri